 4*p**2 + p**3 + 4. Let n(m) = 0*m - 3*m + m**2 - 2*m**2. Let v be n(-4). Calculate t(v).
-8
Let a be 20/6*(-6)/4. Let q(s) be the first derivative of s**2/2 + 4*s + 1. Calculate q(a).
-1
Suppose 5*j - 2 = 13. Let s(l) = -2*l**2 + 3*l - 4. Give s(j).
-13
Let d(m) = 0*m - 6 + 14*m + 5 - 4*m. Let f = 3 + -2. What is d(f)?
9
Let w(t) = -t**3 + 4*t**2 - 3*t - 2. Suppose 3*f - f = 18. Suppose -4*i = -i - f. Determine w(i).
-2
Let b(x) = x**3 - 5*x**2 + 5*x - 1. Suppose 3*a = -2*a + 2*d + 11, -8 = -4*d. Suppose 4 = -2*j + a*j. Suppose -2*k - t = -11, -2*k - j = t - 5*t. Give b(k).
3
Let c = -3 - -7. Suppose -4*f - f - c = g, 0 = 3*g - 2*f + 12. Let q(b) = b**3 + 4*b**2 + 2. Calculate q(g).
2
Let n(o) = -o + 2. Let l(r) = r**2 + r. Suppose 1 = -0*w + w. Let c be l(w). Let b be c/6 + (-24)/(-9). Give n(b).
-1
Let g(f) be the first derivative of f**6/360 + f**5/30 + f**4/8 - f**3/3 - 1. Let d(b) be the third derivative of g(b). Calculate d(-5).
8
Let w(s) = 2*s**3 - 6*s**3 - s**3 - 1. Let j = -24 - -23. What is w(j)?
4
Suppose -6 = 2*n + 4. Let q(w) = -w + 7. Determine q(n).
12
Suppose 3*f + 39 = 3. Let q be f/(-20) + 24/10. Let r(z) = 2*z**3 + 3*z**2 + 4*z**q - 6*z**3 + 2 - 3*z - z**3. Determine r(3).
-7
Suppose i - 7 = -3. Let r(s) = -4*s**2 + 0*s - 3*s - 2 + i*s + 6*s**2. Determine r(-2).
4
Let z = -3 - -6. Let o(y) = y + 4. Let a(l) = -l - 9. Let d(b) = z*a(b) + 5*o(b). Suppose -4*m = 4*q - 32, q - 5*q - 2*m = -26. Calculate d(q).
3
Suppose 0 = h - 1 - 1. Let d(g) = -2*g**3 + g**3 - 3*g**h + 0*g - g - 3. What is d(-3)?
0
Let t(r) = r**3 - 9*r**2 + 9*r + 1. Let p be 105/12 + (0 - (-15)/(-20)). Calculate t(p).
9
Let r = 149 - 151. Let i(z) = 4*z + 1. Determine i(r).
-7
Let u(v) = -v**3 + 7*v**2 - v + 7. Let l(d) = 9*d + 1. Let o be l(-1). Let k be (-2 - 0)/(o/28). Let t be u(k). Let j(b) = -b**3 + b + 7. Give j(t).
7
Let m(j) = 2*j**3 - 2*j**2 - 5. Let z(c) = -c**3 + 2*c**2 + 4. Let i(f) = 2*m(f) + 3*z(f). Calculate i(-2).
2
Suppose 4*q - 15 = -5*y, 0 = -3*y - 5*q - 0*q - 4. Suppose -9 = 3*j, 2*d + y = -3*j - 0. Let o(x) = 2*x**2 - x + 1. Determine o(d).
2
Let k = -18 + 20. Let j(o) = o**3 + 4 + 0*o**k - o**2 - 2*o**3 - 3*o**2. What is j(-4)?
4
Let j(r) = -2*r**2 + r. Suppose 0 = 4*x + o - 22, -x - 3*o = 2*o + 4. Let i be 2*(1 - x/4). What is j(i)?
-3
Suppose 2*y = -4*r - 18, -2*r - 7 - 5 = -2*y. Let w be (2/7)/(y/7). Let b(t) = -t**3 + 2 + 5*t**2 + 0*t**2 - t**2 + w*t. Give b(4).
10
Let u be 84/16 + 2/(-8). Let v(l) be the second derivative of 1/12*l**4 + l - 7/6*l**3 + 3/2*l**2 + 0. What is v(u)?
-7
Let a(x) = -3*x + 7. Let h(z) = z - 4. Let o be h(7). Let i(y) = -2*y + 7. Let c(m) = o*a(m) - 4*i(m). Determine c(-5).
-2
Suppose -5*t = 1 - 11. Let s(h) = t*h - 2 + 5 - 1 - 4. Determine s(-3).
-8
Let h(i) be the third derivative of -i**5/60 - 7*i**4/24 - i**3 - i**2. Let g = 5 + 10. Suppose -2*j = j + g. Give h(j).
4
Let n(s) = s**2. Let b(u) = -u**2 + 2*u - 2. Let q be b(2). Determine n(q).
4
Let l be 1368/(-190) + (-2)/(-10). Let x(m) = m**3 + 6*m**2 - 6*m + 6. Calculate x(l).
-1
Suppose -2*o + 2 = 2*s, 0*s = -2*s + o - 10. Let j be (-4)/2 + (s - -2). Let b(l) = 2*l + l - 6 - 1 + 11. Calculate b(j).
-5
Let p(d) = -d**3 - d**2 + 1. Let k(r) = r**3 - 3*r**2 + 2. Let s(t) = k(t) - 3*p(t). Give s(-1).
-5
Let r(p) = -4*p - 1. Let b be -1*(-2 + 6/(-2)). Suppose -4*v + 9*v = b. Give r(v).
-5
Let t(h) = -9*h**2 - 7*h - 8. Let o(n) = 4*n**2 + 4*n + 4. Let r(y) = -7*o(y) - 3*t(y). Determine r(-6).
2
Let r(a) = -a**2 - 5*a - 3. Let l(t) = -2*t + 4. Let q be l(-7). Let n = 12 - q. Let w(p) = -p - 10. Let m be w(n). Give r(m).
1
Let k(d) = d**3 - 4*d**2 + 2*d - 5. Let l be k(4). Suppose 4*o = -4*x, -3*o - x - 20 = -l*x. Let r(u) = -u**2 - u + 2. Determine r(o).
-10
Let s(u) = -55*u - 14*u**3 + 55*u. Determine s(-1).
14
Let x = 15 - 13. Let s(f) = -3*f**2 + 2*f - 2. Give s(x).
-10
Suppose -s - s + 2*k = -4, 0 = 3*k. Suppose -4 = 2*f + 4*a - 0, s*f - 20 = 2*a. Let h(b) = b - b + f*b - 3. Give h(2).
9
Let o(q) = -q**3 - 6*q**2 - 5*q. Suppose -25 = 5*x + 2*k, 4*k - 20 = 4*x - 0*x. Give o(x).
0
Let x be 4/12 + (-39)/9. Let f(c) = -c - 2. Calculate f(x).
2
Let y(h) = h**2 + 5*h + 5. Let f be y(-5). Let x(t) = t + 1. Let d be x(f). Let s be 2/d + 20/(-6). Let k(v) = -3*v - 1. Give k(s).
8
Let p(s) = -5*s. Let k(v) = -v**2 + 7*v + 5. Let q be k(7). Suppose 0*x = q*x + 5. Give p(x).
5
Let k = 147 + -149. Let t(h) = h**3 + 3*h**2 - 2*h. What is t(k)?
8
Let p(h) = -h**2 + 10*h - 6. Let d be p(9). Let j(t) = -5*t + 4 + 2*t + 2*t. Determine j(d).
1
Suppose -5*j = g - 3, 2*j = -2*g + 2 + 4. Let p(t) = 3*t**g + 7*t - 4*t - 4 - 2*t**2 - 4*t**3. Let r(n) = -n**2 - 3*n - 3. Let m be r(-3). Calculate p(m).
-4
Let t(g) = g - 3 + 3 - 3. Suppose -2*x + 5 = 1. Suppose -5*o - 3*f + 37 = 0, -x*o - 5*f = -f - 26. Determine t(o).
2
Let b be (9/(-3))/(1/(-25)). Let x be (2/(-3))/((-10)/b). Let m(f) = f - 6. Give m(x).
-1
Let c(z) = z**2 - z - 1. Let g(k) = 3*k**2 - 12*k + 9. Let x(t) = -2*c(t) + g(t). Let j be x(8). Let p(r) = -r**3 - 4*r**2 + 5*r - 1. What is p(j)?
-1
Let f be (-35)/21 + 2/(-6). Let c(z) = -13*z**2 - 8*z - 17. Let w(v) = 3*v**2 + 2*v + 4. Let t(m) = 2*c(m) + 9*w(m). Give t(f).
2
Suppose 2*c = i + 2*i - 7, 0 = c + 3*i - 1. Let u(o) = -2*o + 3*o**2 - 2 - 3*o**3 + 2*o**3 - 5*o**2. Give u(c).
2
Let t(b) = -b + 11. Let g(w) = -w + 5. Let m(c) = 9*g(c) - 4*t(c). Suppose 0 = 4*x - 3*j - 10, -4*j - 2 = 2*x + 4. What is m(x)?
-4
Let m(d) be the third derivative of d**5/60 + d**4/3 - 5*d**3/6 - 15*d**2. Calculate m(-8).
-5
Let x(u) be the first derivative of -u**3/3 + 2*u**2 - 6*u - 2. Calculate x(4).
-6
Let j(b) = -b**3 + 2*b**2 + 2*b + 1. Suppose 1 + 1 = -2*h. Let i be j(h). Let z(a) be the first derivative of -a**2/2 - 3. Give z(i).
-2
Let b(o) = o**2 - 8*o + 2. Let i be 0 - -7*(0 + 1). Determine b(i).
-5
Suppose 21 - 51 = 5*x. Let c(u) = -2*u + 2. What is c(x)?
14
Let n(u) = u**3 - u + 1. Let j(w) = -5*w**3 - 6*w**2 + w + 3. Let b(c) = -j(c) - 4*n(c). Suppose -4*t - 19 = 1. Calculate b(t).
3
Let y be (5/2)/(9/(-18)). Let d(c) = 5*c + 1. Let a(n) = -4*n. Let v(q) = 4*a(q) + 3*d(q). What is v(y)?
8
Suppose -i - 2 + 14 = 2*a, -5*i + 30 = 4*a. Let w(p) = -3*p + 0*p + 2 - 33*p**i + 34*p**2. Calculate w(2).
0
Let g = 20 - 19. Let b(s) = 2*s + 1. What is b(g)?
3
Let z(p) be the third derivative of p**6/120 - p**5/60 - p**4/24 + p**3/3 + 11*p**2. What is z(2)?
4
Let q(p) = -2*p - 9. Let t(c) = c + 8. Let l(x) = 4*q(x) + 5*t(x). Give l(4).
-8
Let b(k) be the third derivative of k**8/20160 - k**7/1008 + k**6/360 + 7*k**5/60 + k**2. Let a(j) be the third derivative of b(j). Determine a(5).
2
Let p(k) = k**2 + 2*k + 4. Suppose 1 = -l - 2. Determine p(l).
7
Let d be (6/3)/(2/(-4)) - -3. Let f(l) = 8*l**3 - 2*l**2 - l. Calculate f(d).
-9
Let o be 78/(-21) + 4/(-14). Let s(w) be the second derivative of 0 - 3*w + 5/2*w**2 - 1/12*w**4 - 1/6*w**3. What is s(o)?
-7
Let n(l) = -l. Suppose -2 = 2*j + 5*v, -2*j - 5*v = -v. Suppose -2 = -j*q + 18. Calculate n(q).
-5
Let r(v) = v**3 + 34*v**2 + 30*v - 105. Let n be r(-33). Let u(b) be the first derivative of -b**2 - 6*b + 1. Give u(n).
6
Let y(z) = -z**2 - 5*z + 3. Suppose u + 4*u - 5*a + 55 = 0, u - 4*a + 26 = 0. Calculate y(u).
-3
Let d = 1 + 3. Let w(y) = -3*y + 2*y - 3555 + 3555. Determine w(d).
-4
Let q be (-1*(5 + -4))/(-1). Let f(t) = 4*t + 4 + 0 - 3*t + q. Calculate f(6).
11
Suppose -5*l + i = 4*i - 13, 5*l = i + 29. Let f be (l/15)/(1/(-9)). Let s(z) = 2*z + 2. Give s(f).
-4
Let c(h) = -h**2 + h + 1. Let o(l) = l**2 + 5*l + 2. Let f(r) = -c(r) + o(r). Calculate f(-3).
7
Let t(q) = q - 1. Let z(p) = -p. Let d(y) = -7*t(y) - 6*z(y). Determine d(5).
2
Suppose -14 = 13*q - 11*q. Let j(d) = 7*d**2 - 4 + 1 - d**3 + 2*d**3. What is j(q)?
-3
Let l = -4 + 7. Let s(b) = 6 - 10*b**2 + b**l + 5*b - 1 + 3*b**2. Calculate s(6).
-1
Let y(w) = -w - 2. Let h(v) = -v - 3. Let n(q) = 3*h(q) - 2*y(q). Let r be -1 - (-7)/(14/(-12)). Give n(r).
2
Let f be (2 + 0)*3/2. Suppose 5*p = f*s - 2*s - 14, 4*s - 3*p = 22. Let k be s*((-2 - 1) + 2). Let t(j) = j**3 + 3*j**2 - 5*j - 3. What is t(k)?
1
Let r(o) be the first derivative of -o**2/2 - 4*o + 2. Calculate r(4).
-8
Let v(d) = d**3 + 4*d**2 - 2*d - 6. Let a be v(-4). Let f(n) = n + 6. Let s(h) = -3*h - 19. Let 